*2 - 11*h. Let b(n) = 12*n**2 + 23*n + 1. Let t(k) = -3*b(k) - 7*l(k). Let u be 1/(-2) + 30/4. What are the prime factors of t(u)?
2
Suppose -3*i + 0*b - 2*b + 27 = 0, -4*i - b = -31. List the prime factors of i.
7
Let n(u) = -3*u + 12. Let v be n(9). Let r = v - -19. Suppose -3*c = -5*c - r*w + 120, w - 291 = -5*c. List the prime factors of c.
2, 29
Suppose -6433 = -2*v - 5*x, -3200 = -59*v + 58*v + 3*x. What are the prime factors of v?
3209
Let x = 1848 + -855. Suppose -5*a - v + 4*v + x = 0, -a + 196 = 2*v. What are the prime factors of a?
2, 3, 11
Let w be (-14)/(-105) - 4654/30. Let h = -64 - w. What are the prime factors of h?
7, 13
Let m = 7533 + -1963. List the prime factors of m.
2, 5, 557
Suppose 3*y = 2*y + k - 87, -5*y + k - 423 = 0. List the prime factors of 317/6 + (-14)/y.
53
Let z = -1471 - -1748. List the prime factors of z.
277
Suppose m + 4*p - 21 = 0, 5*m - 5*p - 128 = -23. Let i = -25 + m. What are the prime factors of 38/i*(2 - 4)?
19
Suppose -36*j + 6883 = -7013. List the prime factors of j.
2, 193
Suppose 156*z = 140*z + 2752. What are the prime factors of z?
2, 43
Let m = 90 + 306. List the prime factors of m.
2, 3, 11
List the prime factors of 34/3 + 106/159.
2, 3
Let d(n) = 12*n**2 + 4*n + 12. Let h be d(-6). Let z be ((-40)/25)/((-8)/h). Let o = -53 + z. What are the prime factors of o?
31
Suppose 3*m + 9 - 15 = 0. Suppose 0 = -5*u - m*z + 69, 3*u - 47 = z - 5*z. What are the prime factors of u?
13
Let s = -137 + 369. List the prime factors of s.
2, 29
Let h(s) = 3*s**2 + 20*s - 264. What are the prime factors of h(26)?
2, 571
Let a(y) = -y**2 + 4*y + 264. Suppose c - 5*u - 1 = 14, -2*c + 6 = -2*u. What are the prime factors of a(c)?
2, 3, 11
Suppose 0 = -s - 19 + 583. List the prime factors of s.
2, 3, 47
Suppose -3*f + 2*w + 8183 = 0, 17*f - 15*f + 3*w = 5451. What are the prime factors of f?
3, 101
Suppose 3*x = 2*u + 4*x - 1190, -1785 = -3*u + 2*x. What are the prime factors of u?
5, 7, 17
Let i = 0 - -10. Let d(k) = k**3 - k + 1. Let x(r) = -5*r**3 - 10*r**2 + 6*r - 11. Let z(w) = -6*d(w) - x(w). What are the prime factors of z(i)?
5
Let z(d) = 21*d**2 + 36*d + 142. What are the prime factors of z(-4)?
2, 167
Let h(r) = -19*r + r**3 + 19*r + r**2. List the prime factors of h(1).
2
Let f(t) = 3*t**2 - 13*t - 21. Let h(q) = 4*q**2 - 19*q - 31. Let r(a) = 7*f(a) - 5*h(a). Let l be r(-4). What are the prime factors of 32 - l/(16/4)?
2, 3, 5
What are the prime factors of (3 + -6)/((-12)/1208)?
2, 151
Let d = -24 + 9. Let x = -20 - d. Let p = 3 - x. List the prime factors of p.
2
Suppose -g + 1407 = -1036. What are the prime factors of g?
7, 349
Let u = 63 + -123. Let x = u - -122. What are the prime factors of x?
2, 31
Suppose 5*g = 3*g + 14. Let l(c) = -c**3 + 10*c**2 - 7*c - 5. Let x be l(g). What are the prime factors of (x/15)/((-6)/(-30))?
31
Let z be (-39)/(-13) + 0 + 2. Let d be (-4 - (3 - z)) + 33. Let j = -20 + d. List the prime factors of j.
11
Suppose -8*w + 80 = -6*w. Let c(l) = l + 11. Let u be c(-8). Suppose 0 = u*d + 2*a - 49, a = 4*d - 18 - w. What are the prime factors of d?
3, 5
Let y be 12/(-1 - -5) + (-2 - 1). Suppose 3*j - 39 = -3*f, 2*f = -y*f - 4*j + 28. What are the prime factors of f?
2, 3
Suppose -4*p + 178 + 90 = -2*j, 3*j - 288 = -4*p. Suppose 2*w - 5*t + 44 = 0, 0 = 2*w - w + t + 15. Let x = p + w. What are the prime factors of x?
2, 13
Let r(c) = -142*c + 7. Let h be r(-7). Suppose 10*m - h = -m. What are the prime factors of m?
7, 13
Let z(h) = h - 3. Let p be z(3). Let v(c) = 2*c - 8. Let b be v(6). Suppose -b*o + o + 57 = p. What are the prime factors of o?
19
List the prime factors of (100 - 5)/5*13.
13, 19
Let i(x) = 2*x + 368. Let j be i(0). Suppose -j = 12*q - 16*q. What are the prime factors of q?
2, 23
Let y = 49 + -56. Let l(q) = -q**2 - 12*q + 12. What are the prime factors of l(y)?
47
Suppose -t + 1 + 4 = 0. Let m = t + -3. Suppose m + 22 = 3*j. What are the prime factors of j?
2
Suppose 9360 = -24*d - 0*d. List the prime factors of (d/18)/((-1)/6).
2, 5, 13
Suppose -3*v + 110 = -529. Let z = 310 - v. List the prime factors of z.
97
Let h = -2 - -24. Let c be (h/33)/((-2)/(-6)). Suppose 0 = 3*m + 4*r - 135, c*m - 73 = -r + 4*r. What are the prime factors of m?
41
Let r(k) = k**2 - 7*k + 5. Let h be r(7). Suppose 0 = -0*l - 5*l + 3*j + 287, h*l + 3*j = 293. List the prime factors of l.
2, 29
Suppose -n + 5*h + 1 = -28, 0 = -3*h - 15. What are the prime factors of 171/n + 1/4?
43
Let i(r) = -r**2 - 5*r - 2. Let v be i(-3). Let g be (v*3)/(6/(-15)). Let q = -4 - g. What are the prime factors of q?
2, 13
Suppose 10 = 5*b, 4*b = -t + 6*t - 1167. List the prime factors of t.
5, 47
Let d = 2483 + -1528. List the prime factors of d.
5, 191
Let b be (0/1)/3*1/3. Suppose b = 3*c - 2 - 1, -366 = -4*q - 2*c. List the prime factors of q.
7, 13
Suppose -4*r + 20*u = 16*u - 1084, 4*r = -2*u + 1060. What are the prime factors of r?
3, 89
Suppose 8 = a - 8. Let y(g) = g**3 - 15*g**2 - 10*g - 38. What are the prime factors of y(a)?
2, 29
Let b(o) = -o**3 + 15*o**2 + 27*o + 46. List the prime factors of b(16).
2, 3, 37
Let t be (-10)/(-2 - (1 + -2)). Suppose 0 = -0*u - 3*u - 4*r + 104, t = 2*r. What are the prime factors of u?
2, 7
Let t be (-399)/38*4/(-2). Suppose 2*o - t = -o. Suppose o*a + 144 = 11*a. What are the prime factors of a?
2, 3
Suppose 0 = 5*w - 0*w + 5*t - 30, 4 = 2*t. Suppose -5*m + w*m = -27. Suppose s = -1 + m. What are the prime factors of s?
2, 13
Let u(h) = 10 + 4*h**2 - 5*h**3 + 0*h + 4*h**3 - 4*h. Let q be u(4). List the prime factors of (-298)/q - (-6)/18.
2, 5
Let g be 587*(-10)/(-15)*3/2. Suppose g + 805 = 12*f. List the prime factors of f.
2, 29
Suppose 0 = w + 11*k - 6*k - 596, 0 = -w + k + 572. List the prime factors of w.
2, 3
Let m(t) = -t**3 - 3*t**2 - 3*t - 2. Let w be m(-2). Suppose 2*g + 2*c - 94 = 0, -g = -w*c + 2*c - 42. What are the prime factors of g?
2, 13
Let v(d) = d**3 - 4*d**2 - 4*d + 2. Suppose 0 = -4*x + 1 + 19. Let a be v(x). Suppose -g = 2*c - a - 12, -5*g + c = -139. List the prime factors of g.
3
Let b = -1166 + 5382. List the prime factors of b.
2, 17, 31
Let p be (-2)/(-7) - 290/(-14). Let k be 1 + 2 - (-9)/3. Let z = p - k. What are the prime factors of z?
3, 5
Let h = 443 - -161. List the prime factors of h.
2, 151
Let d = -836 + 1383. List the prime factors of d.
547
Let a(t) = t**2 - 5*t - 6. Let v be a(6). Suppose 217 = -v*x + 7*x. List the prime factors of x - (-2 + 3 + -2).
2
Let n = -11 + 60. Let z = n + -34. What are the prime factors of z?
3, 5
Suppose 59*z - 61789 = 10*z. List the prime factors of z.
13, 97
Suppose -101*r + 133032 = -32*r. List the prime factors of r.
2, 241
Suppose 7*f - 13*f = -3210. What are the prime factors of f?
5, 107
Let l = 719 + -418. List the prime factors of l.
7, 43
Let s be (-520)/(-13) + (-2)/(-1). Suppose 2*f = 22 + s. What are the prime factors of f?
2
Let w(j) = j**3 - 3*j**2 - j - 4. Let n be w(3). Let f = 0 - n. Suppose -i + 17 = f. List the prime factors of i.
2, 5
Let r be 2/(-1)*(-4)/(-4). Suppose 3*h - 9 = 6*h + n, 0 = -3*h - 4*n. What are the prime factors of -27*r/h*-2?
3
Let d(q) = 15*q + 60. Let k(t) = -5*t - 20. Let b(s) = -3*d(s) - 8*k(s). Let j be b(-5). Suppose 38 + 47 = j*h. List the prime factors of h.
17
Let k(q) = 2*q**2 + 6*q + 8. List the prime factors of k(9).
2, 7
Let u = -2788 - -4638. What are the prime factors of u?
2, 5, 37
Let s = -729 - -1405. List the prime factors of s.
2, 13
Let d(w) = 6*w**2 - 3*w + 14. Let r be d(4). Let o = -82 + r. List the prime factors of o.
2
Let c(l) = -l + 5. Let n be c(10). Let m be 5/(n/(-4)) + 16. Let s = -5 + m. List the prime factors of s.
3, 5
Suppose -4*z = -d - 10, 2 + 12 = 3*z - 4*d. Suppose 7*c = z*c - 4*v + 13, 5*c - 5*v - 40 = 0. List the prime factors of c.
5
Suppose 2 = -2*h + 3*h. Suppose -j - 441 = -5*f, -h*f + 283 = f + 4*j. Let x = -48 + f. List the prime factors of x.
41
Let q(v) = -2*v + 12. Let s be q(7). Let o be (-2130)/(-50) + s/(-5). Suppose -5*w - 5*r = -2*w - o, -5*r - 23 = -3*w. What are the prime factors of w?
11
Let m = 195 - 157. What are the prime factors of m?
2, 19
Let n = 46 + -43. Let u(r) = 7*r**2 - 2*r + 5. What are the prime factors of u(n)?
2, 31
Suppose -10764 = 31*t - 43*t. List the prime facto